the prime factors of y(0)?
2, 3, 5, 29
Suppose -1251755 - 3281805 = -68*z. List the prime factors of z.
2, 5, 59, 113
Let f = 66264 + -39105. What are the prime factors of f?
3, 11, 823
Let b(m) = -m**2 - 18*m - 12. Let i = -61 + 113. Let l be -5 + -2 + i/(-13). List the prime factors of b(l).
5, 13
Let o be (-8)/5 + 2/(-5). What are the prime factors of 8 + -7 - (-2)/(o/(-391))?
2, 7
Suppose -5*d = 3*x - 26, -3*x = -5*d - 0*d + 14. Suppose -d*c = -0*c - 40. What are the prime factors of 178/((-5)/(c/(-4)))?
89
What are the prime factors of ((-34)/136)/((-3)/(-12))*-1295?
5, 7, 37
Let r(w) = w**3 - 8*w**2 - 6*w + 6. Let g be r(5). Let i = 107 + g. Suppose 0 = -i*n - 0*n + 512. What are the prime factors of n?
2
What are the prime factors of (-72)/132 - -2*((-804354)/(-44) - 4)?
11, 3323
Let r = 457 - 243. Suppose 0 = h + 3, 0 = -n + 2*n - h - r. Suppose 4*t = 715 - n. List the prime factors of t.
2, 3, 7
Let c(o) = 16460*o**2 + 72*o - 70. What are the prime factors of c(1)?
2, 8231
List the prime factors of 9*4236 + -59 + 60.
5, 61
What are the prime factors of (1 - (-320448)/22) + (-8 - (-630)/77)?
7, 2081
Suppose 522*w - 953462 - 2493973 = -852051. What are the prime factors of w?
2, 11, 113
Let n(z) = -3*z - 6. Let h = -13 - -16. Let g be n(h). Let v(c) = -4*c - 5. List the prime factors of v(g).
5, 11
Suppose -3*w + 0*f + 4918 = -2*f, -3*f = -12. Let q = w - 1125. List the prime factors of q.
11, 47
Suppose -2*v + 10420 = -2*s + 27642, 2*s = -2*v + 17210. List the prime factors of s.
2, 269
Let p(z) = -z**3 - 4*z**2 + 44*z + 770. What are the prime factors of p(-38)?
2, 24097
Let g(w) be the first derivative of -w**4/4 + 7*w**3/3 + 9*w**2 + 13*w + 44. List the prime factors of g(8).
3, 31
Suppose s - 7 - 8 = 4*c, 0 = -5*s - 3*c + 6. Suppose s*w - 1118 = -w + z, -w + 2*z = -283. What are the prime factors of w?
3, 31
Let n = 62997 + -20271. What are the prime factors of n?
2, 3, 7121
Let l(x) = -x + 17. Suppose -2*u + 3*d = u - 18, 16 = -4*d. Let q be l(u). Suppose -s + 140 = w, 3*s + 2*w - 438 = -q. List the prime factors of s.
11, 13
Let l(r) = r**3 - r + 1. Let j = 69 + -63. Let c(i) = -7*i**3 - 13*i**2 - 9*i - 22. Let b(v) = j*l(v) + c(v). What are the prime factors of b(-13)?
179
Suppose 2*l = -2*g + 785 + 257, -2*g - 3*l = -1041. Let n = g + -77. What are the prime factors of n?
5, 89
Let a(x) = 5*x**3 + 3*x**2 + 66*x + 56. What are the prime factors of a(18)?
2, 37, 53
Let r(a) = a + 2. Let i be r(0). Suppose -i*b + 367 + 842 = f, -9 = -3*f. What are the prime factors of b?
3, 67
Let o = -57 + 63. Suppose -p - 30 = -o*p. Suppose a = -p*a + 1134. What are the prime factors of a?
2, 3
Let i be (0 - -2)*(-214)/(-4). Let p = -975 + 978. Suppose t + 153 = 3*d - p*t, -2*d + t + i = 0. What are the prime factors of d?
5, 11
What are the prime factors of 8/(-1)*((-4516747)/34)/47?
2, 5653
Let c(l) = -95*l**3 + 9*l**2 + 5*l + 15. What are the prime factors of c(-4)?
3, 691
Suppose 6*v + 2 = -4. Let j be -2 + (8 - 4) - (v + 3). Suppose -3*c + 3*g + 420 = j, -c + 4*c = -g + 400. List the prime factors of c.
3, 5
Let f(u) = -u**3 + 6*u**2 - 23*u + 89. Let v be f(6). List the prime factors of 2371/7 - 14/v.
3, 113
Let h(n) = 6*n**2 - 4*n - 1. Let b be (-1)/((-11)/(-40) - (-2)/(-5)). Suppose b*o - 4*o - 2*i + 6 = 0, 0 = 5*o + 5*i + 45. List the prime factors of h(o).
3, 37
Suppose 3*a + 2 = -5*f + 5, 1 = -5*f + a. Suppose f*g + 4*g = 92. What are the prime factors of g?
23
Let c = -12554 - -12556. Let h = 80 + -24. Suppose c*r - h = 32. What are the prime factors of r?
2, 11
Suppose 0 = 451*o - 463*o - 660. Let q(p) = 5*p**2 - 5*p - 6. Let b be q(6). Let f = b + o. What are the prime factors of f?
89
Let t(j) be the third derivative of j**5/10 - j**4/4 - 77*j**3/6 + 66*j**2. List the prime factors of t(10).
463
Suppose -f + 5216 = 5*n, -2*f - 3*n + 3139 + 7314 = 0. List the prime factors of f.
5231
Suppose 4*i + 533*l = 536*l + 104057, -l - 26013 = -i. List the prime factors of i.
2, 13009
Suppose 332 = 2*d + 3*d - 3*s, 0 = 5*d - 2*s - 328. Let k = 70 - d. Suppose -k*m + 49 = -851. What are the prime factors of m?
2, 3, 5
Let t(l) = l**2 - 4*l + 17. Let c(g) = -13*g + 15. Let s be c(-6). Suppose -14*x + 33 + s = 0. What are the prime factors of t(x)?
2, 31
Let g(u) = 46*u**2 - 123*u - 712. List the prime factors of g(-6).
2, 29
Suppose -6094 = -12*a + 4394. Suppose -3*j - 4*x + a = 0, 0 = 20*j - 22*j - 2*x + 584. List the prime factors of j.
2, 3, 7
Let z(f) = 221*f - 67. Let y be z(8). Suppose -7*u + 2457 + y = 0. List the prime factors of u.
2, 3, 11
Let m(j) = j**2 - 29*j + 120. Let h be m(24). Suppose h*i - 4680 = -4*i - 3*p, 2*p + 5873 = 5*i. List the prime factors of i.
3, 17, 23
Let n(q) = -87*q**3 - 2*q**2 - 34*q - 200. What are the prime factors of n(-6)?
2, 31, 151
Suppose v - 5530 = -q + 1523, 8 = -4*v. What are the prime factors of q?
5, 17, 83
Let d(s) = -21*s**3 + 12*s**2 + 188*s - 15. List the prime factors of d(-11).
2, 5, 683
Let i(z) be the second derivative of 0 - 1/2*z**2 + 0*z**3 - 13*z - 1/6*z**4 + 3/20*z**5. List the prime factors of i(2).
3, 5
Suppose 7*g - 26 = -33. What are the prime factors of ((-21)/28)/(g/344)?
2, 3, 43
Let d = -1696 + 350. List the prime factors of (7 - -6) + -6 - d.
3, 11, 41
Suppose -a - 34 = -150. Suppose a*j = 118*j - 468. What are the prime factors of j?
2, 3, 13
Suppose -w - 4*w = -350. Let o = 92 - w. Suppose -13 = -5*r + o. What are the prime factors of r?
7
Suppose -21*v + 17084 = -671989 + 109284. What are the prime factors of v?
3, 9203
Suppose 3*q = 3*g - 77529, -3046*g + 129218 = -3041*g - 4*q. What are the prime factors of g?
2, 12923
Suppose 2*n - 16 = -2*n. Suppose -n*p + 2*c + 36 = p, -c = -p + 9. Suppose -p*g + 425 = -25. List the prime factors of g.
3, 5
Suppose -4*j - 38273 = -3*s, -4*j = 4*s + 30045 - 81113. What are the prime factors of s?
12763
List the prime factors of ((-780164)/12)/(-1) - (-2 + (-10)/(-15)).
5, 13003
Suppose -12*s + 520558 = 152098. What are the prime factors of s?
3, 5, 23, 89
Let p(a) be the first derivative of -22*a**2 + 75*a - 33. What are the prime factors of p(-9)?
3, 157
Suppose 3*t = 73 - 49. Let f(b) = 23*b - 98. What are the prime factors of f(t)?
2, 43
Let s be ((-58)/6)/((5 + -2)/(-27)). Let m = s - -327. List the prime factors of m.
2, 3, 23
Suppose -24*d = 22 - 142. Suppose -f - 6350 = 2*h - 7*h, -6365 = -d*h + 4*f. List the prime factors of h.
3, 47
Suppose -50*d + 35960 = -60040. What are the prime factors of d?
2, 3, 5
Suppose -12*r + 19*r - 145964 = -7*r. What are the prime factors of r?
2, 13, 401
Let q(f) = 5*f**3 + f + 4. Let d be q(0). Suppose -8*s - 3*o + 923 = -4*s, o - 929 = -d*s. What are the prime factors of s?
233
Let o = 78684 + -55797. List the prime factors of o.
3, 2543
Suppose 5*l + 135 = -665. Let c = l - -361. List the prime factors of c.
3, 67
Suppose 51*z - 20*z - 34*z + 45708 = 0. List the prime factors of z.
2, 13, 293
Let w(y) = 23*y**2 + 8*y + 43. Let h be w(9). Let p = -1150 + h. List the prime factors of p.
2, 3, 23
Let x be 762/6 + 0 + -4. Suppose -6*l - x = -291. What are the prime factors of -1 + l + (1 - 5)?
23
Let s = 11234 + 1827. What are the prime factors of s?
37, 353
List the prime factors of (-155897168)/(-19504) - -3*4/(-138).
7993
Let r be (((-16)/(-12))/4)/(4/36). Suppose 0 = -o - r*u + 199, -4*u = -5*o - 0*u + 957. List the prime factors of o.
193
Suppose 2*g - 217 = -3*g - 3*a, g + 4*a = 57. Let s = -44 + g. What are the prime factors of (-1)/((-4)/(-174))*(s + -1)?
2, 3, 29
Let n(b) = -15*b**3 - 8*b**2 - 20*b + 2. What are the prime factors of n(-6)?
2, 29, 53
Let o = -33 - 33. Let w = 83 + o. Suppose -2*k + w = -5. What are the prime factors of k?
11
Suppose 35*s - 21 = 32*s. Suppose -1208 = 3*z - s*z. List the prime factors of z.
2, 151
Let u(c) = -46*c**2 + 3*c + 7. Let q be u(-2). Let m = 150 - q. What are the prime factors of m?
3, 37
Let c = -143 - -555. Suppose -100*w = -82*w + 5238. Let t = c + w. List the prime factors of t.
11
Let z(s) = 2245*s + 1177. What are the prime factors of z(17)?
2, 3, 79, 83
Let a(n) = 20093*n + 64. List the prime factors of a(1).
3, 6719
Let n = 67294 + 9929. What are the prime factors of n?
3, 25741
Let g be 9157/6 - 1 - (-3)/(-18). Let d be ((-20)/6)/((-7)